{"id":2134,"date":"2022-01-20T11:36:05","date_gmt":"2022-01-20T10:36:05","guid":{"rendered":"https:\/\/www.fpsaudio.sk\/?page_id=2134"},"modified":"2022-01-20T11:52:47","modified_gmt":"2022-01-20T10:52:47","slug":"cookies","status":"publish","type":"page","link":"https:\/\/www.fpsaudio.sk\/?page_id=2134","title":{"rendered":"Cookies"},"content":{"rendered":"<div class=\"fusion-fullwidth fullwidth-box fusion-builder-row-1 fusion-flex-container nonhundred-percent-fullwidth non-hundred-percent-height-scrolling\" style=\"--awb-border-radius-top-left:0px;--awb-border-radius-top-right:0px;--awb-border-radius-bottom-right:0px;--awb-border-radius-bottom-left:0px;--awb-flex-wrap:wrap;\" ><div class=\"fusion-builder-row fusion-row fusion-flex-align-items-flex-start fusion-flex-content-wrap\" style=\"max-width:1248px;margin-left: calc(-4% \/ 2 );margin-right: calc(-4% \/ 2 );\"><div class=\"fusion-layout-column fusion_builder_column fusion-builder-column-0 fusion_builder_column_1_1 1_1 fusion-flex-column\" style=\"--awb-bg-size:cover;--awb-width-large:100%;--awb-margin-top-large:0px;--awb-spacing-right-large:1.92%;--awb-margin-bottom-large:20px;--awb-spacing-left-large:1.92%;--awb-width-medium:100%;--awb-order-medium:0;--awb-spacing-right-medium:1.92%;--awb-spacing-left-medium:1.92%;--awb-width-small:100%;--awb-order-small:0;--awb-spacing-right-small:1.92%;--awb-spacing-left-small:1.92%;\"><div class=\"fusion-column-wrapper fusion-column-has-shadow fusion-flex-justify-content-flex-start fusion-content-layout-column\"><div class=\"fusion-text fusion-text-1\"><h2 data-fontsize=\"25\" data-lineheight=\"31\">Ako pou\u017e\u00edvame cookies<\/h2>\n<p>V\u0161etky na\u0161e webov\u00e9 str\u00e1nky pou\u017e\u00edvaj\u00fa \u201ecookies\u201c.\u00a0S\u00fabor cookie je mal\u00fd s\u00fabor p\u00edsmen a \u010d\u00edsel, ktor\u00fd umiest\u0148ujeme do v\u00e1\u0161ho po\u010d\u00edta\u010da alebo mobiln\u00e9ho zariadenia, ak s t\u00fdm s\u00fahlas\u00edte.\u00a0Tieto s\u00fabory cookies n\u00e1m umo\u017e\u0148uj\u00fa odl\u00ed\u0161i\u0165 v\u00e1s od ostatn\u00fdch pou\u017e\u00edvate\u013eov na\u0161ej webovej str\u00e1nky, \u010do n\u00e1m pom\u00e1ha poskytn\u00fa\u0165 v\u00e1m dobr\u00fd z\u00e1\u017eitok z prehliadania a umo\u017e\u0148uje n\u00e1m ju zlep\u0161ova\u0165.<\/p>\n<h2 data-fontsize=\"25\" data-lineheight=\"31\">Na ak\u00e9 \u00fa\u010dely pou\u017e\u00edvame cookies<\/h2>\n<ul>\n<li>zabezpe\u010di\u0165 fungovanie webov\u00e9ho s\u00eddla,<\/li>\n<li>\u0161tatistick\u00e9 \u00fa\u010dely,<\/li>\n<li>uklada\u0165 preferencie n\u00e1v\u0161tevn\u00edkov.<\/li>\n<\/ul>\n<h2 data-fontsize=\"25\" data-lineheight=\"31\">Typy s\u00faborov cookie, ktor\u00e9 pou\u017e\u00edvame<\/h2>\n<p>Pou\u017e\u00edvame nasleduj\u00face typy cookies:<\/p>\n<ul>\n<li><strong>nevyhnutne potrebn\u00e9 s\u00fabory cookies<\/strong>\u00a0\u2013 s\u00fa nevyhnutn\u00e9 na to, aby ste sa mohli pohybova\u0165 po webov\u00fdch str\u00e1nkach a vyu\u017e\u00edva\u0165 ich funkcie.\u00a0Bez t\u00fdchto s\u00faborov cookies nie je mo\u017en\u00e9 poskytova\u0165 slu\u017eby, o ktor\u00e9 ste po\u017eiadali, ako je registr\u00e1cia \u00fa\u010dtu.<\/li>\n<li><strong>v\u00fdkonnostn\u00e9 cookies<\/strong>\u00a0\u2013 tieto cookies zhroma\u017e\u010fuj\u00fa inform\u00e1cie o tom, ako n\u00e1v\u0161tevn\u00edci pou\u017e\u00edvaj\u00fa webov\u00fa str\u00e1nku, napr\u00edklad, na ktor\u00e9 str\u00e1nky n\u00e1v\u0161tevn\u00edci chodia naj\u010dastej\u0161ie. Tieto inform\u00e1cie pou\u017e\u00edvame na zlep\u0161enie na\u0161ich webov\u00fdch str\u00e1nok. Tieto cookies nezhroma\u017e\u010fuj\u00fa inform\u00e1cie, ktor\u00e9 identifikuj\u00fa n\u00e1v\u0161tevn\u00edka.<\/li>\n<li><strong>funk\u010dn\u00e9 s\u00fabory cookies<\/strong>\u00a0\u2013 tieto s\u00fabory cookies umo\u017e\u0148uj\u00fa webovej str\u00e1nke zapam\u00e4ta\u0165 si va\u0161e vo\u013eby a poskytn\u00fa\u0165 viac osobn\u00fdch funkci\u00ed. Napr\u00edklad funk\u010dn\u00fd s\u00fabor cookies mo\u017eno pou\u017ei\u0165 na zapam\u00e4tanie \u00farovne hlasitosti, ktor\u00fa uprednost\u0148ujete pri sledovan\u00ed vide\u00ed na na\u0161ich webov\u00fdch str\u00e1nkach. Inform\u00e1cie, ktor\u00e9 tieto s\u00fabory cookies zhroma\u017e\u010fuj\u00fa, m\u00f4\u017eu by\u0165 anonymizovan\u00e9 a nem\u00f4\u017eu sledova\u0165 va\u0161u aktivitu pri prehliadan\u00ed na in\u00fdch webov\u00fdch str\u00e1nkach.<\/li>\n<li><strong>cielen\u00e9 s\u00fabory cookies<\/strong>\u00a0\u2013 tieto s\u00fabory cookies sa pou\u017e\u00edvaj\u00fa na poskytovanie rekl\u00e1m, ktor\u00e9 s\u00fa pre v\u00e1s a va\u0161e z\u00e1ujmy relevantnej\u0161ie.\u00a0Zhroma\u017e\u010fuj\u00fa inform\u00e1cie o va\u0161ich zvykoch pri prehliadan\u00ed.\u00a0Cielen\u00e9 s\u00fabory cookies s\u00fa prepojen\u00e9 so slu\u017ebami poskytovan\u00fdmi tret\u00edmi stranami, ako s\u00fa tla\u010didl\u00e1 \u201ep\u00e1\u010di sa mi\u201c, \u201ezdie\u013ea\u0165\u201c a reklamy.\u00a0S\u00fabory cookies zacielenia pou\u017e\u00edvame na odosielanie inform\u00e1ci\u00ed o va\u0161ej n\u00e1v\u0161teve tret\u00edm stran\u00e1m, aby mohli urobi\u0165 reklamu pre v\u00e1s relevantnej\u0161ou, ke\u010f nav\u0161t\u00edvite webov\u00e9 str\u00e1nky.<\/li>\n<\/ul>\n<p>V\u00e4\u010d\u0161ina webov\u00fdch prehliada\u010dov umo\u017e\u0148uje ur\u010dit\u00fa kontrolu nad v\u00e4\u010d\u0161inou s\u00faborov cookies prostredn\u00edctvom nastaven\u00ed prehliada\u010da.\u00a0Ak sa chcete dozvedie\u0165 viac o s\u00faboroch cookies, vr\u00e1tane toho, ako vidie\u0165, ktor\u00e9 s\u00fabory cookies boli nastaven\u00e9 a ako ich spravova\u0165 a vymaza\u0165, nav\u0161t\u00edvte str\u00e1nku\u00a0<a href=\"http:\/\/www.allaboutcookies.org\/\" target=\"_blank\" rel=\"noopener\">http:\/\/www.allaboutcookies.org.<\/a><\/p>\n<\/div><div class=\"fusion-text fusion-text-2\"><div class=\"fusion-text\">\n<h2 data-fontsize=\"25\" data-lineheight=\"31\">Konkr\u00e9tne s\u00fabory cookies, ktor\u00e9 pou\u017e\u00edvame<\/h2>\n<p>S\u00fabory cookies m\u00f4\u017ee nastavi\u0165 bu\u010f www.fpsaudio.sk (\u201es\u00fabory cookies prvej strany\u201c), alebo webov\u00e1 lokalita tretej strany (\u201es\u00fabory cookies tretej strany\u201c). Ni\u017e\u0161ie uveden\u00e9 tabu\u013eky identifikuj\u00fa s\u00fabory cookies, ktor\u00e9 pou\u017e\u00edvame, a vysvet\u013euj\u00fa \u00fa\u010dely, na ktor\u00e9 sa pou\u017e\u00edvaj\u00fa.<\/p>\n<\/div>\n<p>S\u00fabory cookies prvej strany<\/p>\n<div class=\"table-1\">\n<table width=\"100%\">\n<thead>\n<tr>\n<th align=\"left\">Poskytovate\u013e<\/th>\n<th align=\"left\">N\u00e1zov<\/th>\n<th align=\"left\">\u00da\u010del<\/th>\n<th>Expir\u00e1cia<\/th>\n<th>Trvanie<\/th>\n<th>Kateg\u00f3ria<\/th>\n<\/tr>\n<\/thead>\n<tbody>\n<tr>\n<td align=\"left\">Google Analytics<\/td>\n<td align=\"left\">_gid<\/td>\n<td align=\"left\">Pou\u017e\u00edva sa na rozl\u00ed\u0161enie pou\u017e\u00edvate\u013eov<\/td>\n<td>24 hod\u00edn<\/td>\n<td><\/td>\n<td>\u0161tatistick\u00e9<\/td>\n<\/tr>\n<tr>\n<td>Google Analytics<\/td>\n<td>_ga<\/td>\n<td>Tento s\u00fabor cookies je hlavn\u00fd s\u00fabor cookies slu\u017eby Google Analytics, ktor\u00fd sa pou\u017e\u00edva na rozl\u00ed\u0161enie jedine\u010dn\u00fdch pou\u017e\u00edvate\u013eov.<\/td>\n<td>2 roky<\/td>\n<td><\/td>\n<td>\u0161tatistick\u00e9<\/td>\n<\/tr>\n<tr>\n<td>WordPress<\/td>\n<td>cookie_notice_accepted<\/td>\n<td>Uklad\u00e1 s\u00fahlas, ktor\u00fd ste udelili, v li\u0161te cookie.<\/td>\n<td>1 mesiac<\/td>\n<td>st\u00e1le<\/td>\n<td>technick\u00e9<\/td>\n<\/tr>\n<tr>\n<td>Woocommerce<\/td>\n<td>wp_woocommerce_session_<\/td>\n<td>S\u00fabor cookies obsahuje inform\u00e1cie identifikuj\u00face z\u00e1kazn\u00edka a \u010das vypr\u0161ania platnosti rel\u00e1cie. Pre kupuj\u00facich je to n\u00e1hodne vygenerovan\u00fd kryptograficky siln\u00fd identifik\u00e1tor.<\/td>\n<td>2 dni<\/td>\n<td><\/td>\n<td><\/td>\n<\/tr>\n<tr>\n<td>WordPress<\/td>\n<td>wp-settings-time-<\/td>\n<td>\u010c\u00edslo na konci je va\u0161e individu\u00e1lne ID u\u017e\u00edvate\u013ea z tabu\u013eky datab\u00e1zy u\u017e\u00edvate\u013eov. Pou\u017e\u00edva sa na prisp\u00f4sobenie zobrazenia administr\u00e1torsk\u00e9ho rozhrania a pr\u00edpadne aj hlavn\u00e9ho rozhrania str\u00e1nky.<\/td>\n<td>1 rok<\/td>\n<td>st\u00e1le<\/td>\n<td>technick\u00e9<\/td>\n<\/tr>\n<tr>\n<td>WordPress<\/td>\n<td>wordpress_logged_in_<\/td>\n<td>Cookies pre prihl\u00e1sen\u00e9ho pou\u017e\u00edvate\u013ea<\/td>\n<td>rel\u00e1cia<\/td>\n<td>rel\u00e1cia<\/td>\n<td>technick\u00e9<\/td>\n<\/tr>\n<tr>\n<td>Woocommerce<\/td>\n<td>woocommerce_items_in_cart<\/td>\n<td>Zaznamen\u00e1va, \u010di s\u00fa v n\u00e1kupnom ko\u0161\u00edku WooCommerce nejak\u00e9 polo\u017eky<\/td>\n<td>rel\u00e1cia<\/td>\n<td><\/td>\n<td><\/td>\n<\/tr>\n<tr>\n<td>Woocommerce<\/td>\n<td>woocommerce_cart_hash<\/td>\n<td>Uklad\u00e1 zak\u00f3dovan\u00fd re\u0165azec predstavuj\u00faci obsah n\u00e1kupn\u00e9ho ko\u0161\u00edka WooCommerce<\/td>\n<td>rel\u00e1cia<\/td>\n<td><\/td>\n<td><\/td>\n<\/tr>\n<tr>\n<td>T\u00e9ma Fusion<\/td>\n<td>fusion_metabox_tab_<\/td>\n<td>Pou\u017e\u00edva sa t\u00e9mou Avada na spr\u00e1vu funk\u010dn\u00fdch aspektov webovej str\u00e1nky<\/td>\n<td>rel\u00e1cia<\/td>\n<td>rel\u00e1cia<\/td>\n<td>technick\u00e9<\/td>\n<\/tr>\n<tr>\n<td>WordPress<\/td>\n<td>wp-settings-1<\/td>\n<td>Pou\u017e\u00edva sa na ulo\u017eenie nastaven\u00ed pou\u017e\u00edvate\u013ea wp-admin.<\/td>\n<td>1 rok<\/td>\n<td>st\u00e1le<\/td>\n<td>technick\u00e9<\/td>\n<\/tr>\n<tr>\n<td>WordPress<\/td>\n<td>wordpress_sec_<\/td>\n<td>Pou\u017e\u00edva sa na \u00fa\u010dely ochrany a zabezpe\u010denia po\u010das rel\u00e1cie prehliadania.<\/td>\n<td>rel\u00e1cia<\/td>\n<td>rel\u00e1cia<\/td>\n<td>technick\u00e9<\/td>\n<\/tr>\n<tr>\n<td>WordPress<\/td>\n<td>fusionredux_current_tab<\/td>\n<td>Pou\u017e\u00edva sa t\u00e9mou Avada na spr\u00e1vu funk\u010dn\u00fdch aspektov webovej str\u00e1nky.<\/td>\n<td>1 t\u00fd\u017ede\u0148<\/td>\n<td>st\u00e1le<\/td>\n<td>technick\u00e9<\/td>\n<\/tr>\n<\/tbody>\n<\/table>\n<\/div>\n<ul>\n<li>Viac inform\u00e1ci\u00ed o\u00a0<a href=\"https:\/\/docs.woocommerce.com\/document\/woocommerce-cookies\/\">WooCommerce cookies<\/a><\/li>\n<li>Viac inform\u00e1ci\u00ed o\u00a0<a href=\"https:\/\/codex.wordpress.org\/WordPress_Cookies\">WordPress cookies<\/a><\/li>\n<li>Viac inform\u00e1ci\u00ed o\u00a0<a href=\"https:\/\/developers.google.com\/analytics\/devguides\/collection\/analyticsjs\/cookies-user-id\">Google Analytics cookies<\/a><\/li>\n<\/ul>\n<\/div><div class=\"fusion-text fusion-text-3\"><p>S\u00fabory cookies tretej strany<\/p>\n<div class=\"table-1\">\n<table width=\"100%\">\n<thead>\n<tr>\n<th align=\"left\">Poskytovate\u013e<\/th>\n<th align=\"left\">N\u00e1zov<\/th>\n<th align=\"left\">\u00da\u010del<\/th>\n<\/tr>\n<\/thead>\n<tbody>\n<tr>\n<td align=\"left\">Google<\/td>\n<td align=\"left\">SIDCC<br \/>\nSID<br \/>\nSAPISIS<br \/>\nHSID<\/td>\n<td align=\"left\">Google zhroma\u017e\u010fuje inform\u00e1cie o n\u00e1v\u0161tevn\u00edkoch pre vide\u00e1 hos\u0165ovan\u00e9 slu\u017ebou YouTube v map\u00e1ch integrovan\u00fdch s Mapami Google<\/td>\n<\/tr>\n<tr>\n<td>Google<\/td>\n<td>NID<\/td>\n<td>Tento s\u00fabor cookie obsahuje jedine\u010dn\u00e9 ID, ktor\u00e9 sa pou\u017e\u00edva na zapam\u00e4tanie va\u0161ich preferenci\u00ed a \u010fal\u0161\u00edch inform\u00e1ci\u00ed, ako je v\u00e1\u0161 preferovan\u00fd jazyk, ko\u013eko v\u00fdsledkov vyh\u013ead\u00e1vania by ste rad\u0161ej zobrazili na str\u00e1nke s v\u00fdsledkamia \u010di chcete ma\u0165 zapnut\u00fd filter Bezpe\u010dn\u00e9ho vyh\u013ead\u00e1vania spolo\u010dnosti Google.<\/td>\n<\/tr>\n<\/tbody>\n<\/table>\n<\/div>\n<ul>\n<li>Viac inform\u00e1ci\u00ed o\u00a0<a href=\"https:\/\/policies.google.com\/technologies\/cookies?hl=sk#how-google-uses-cookies\">Google cookies<\/a><\/li>\n<\/ul>\n<div class=\"fusion-sep-clear\"><\/div>\n<div class=\"fusion-separator fusion-full-width-sep sep-none\"><\/div>\n<div class=\"fusion-text\">\n<h2 data-fontsize=\"25\" data-lineheight=\"31\"><strong>Z\u00e1sady ochrany osobn\u00fdch \u00fadajov<\/strong><\/h2>\n<p>Prostredn\u00edctvom tejto\u00a0webovej str\u00e1nky\u00a0sprac\u00favame iba \u00fadaje, ktor\u00e9 n\u00e1m poskytnete v\u00a0kontaktnom\u00a0formul\u00e1ri, a to v\u00fdlu\u010dne na \u00fa\u010dely zaslania po\u017eadovan\u00fdch inform\u00e1ci\u00ed a\/alebo vyrie\u0161enia vami vznesen\u00fdch pochybnost\u00ed alebo ot\u00e1zok;\u00a0a ak ste v\u00fdslovne s\u00fahlasili so zasielan\u00edm elektronickej komunik\u00e1cie s\u00favisiacej s na\u0161imi aktivitami alebo slu\u017ebami, newsletterov at\u010f.<\/p>\n<p>Pr\u00e1vnym z\u00e1kladom pre spracovanie va\u0161ich \u00fadajov je s\u00fahlas, ktor\u00fd udel\u00edte prijat\u00edm t\u00fdchto Z\u00e1sad ochrany osobn\u00fdch \u00fadajov pred odoslan\u00edm \/ poskytnut\u00edm va\u0161ich \u00fadajov.<\/p>\n<p>Inform\u00e1cie, ktor\u00e9 po\u017eadujeme, s\u00fa vhodn\u00e9, relevantn\u00e9 a nevyhnutne potrebn\u00e9 a v \u017eiadnom pr\u00edpade n\u00e1m ich nie je povinn\u00e1 poskytn\u00fa\u0165, no ich neozn\u00e1menie m\u00f4\u017ee ma\u0165 vplyv na \u00fa\u010del slu\u017eby alebo nemo\u017enos\u0165 jej poskytnutia.<\/p>\n<p><b>Zachovanie \u00fadajov<\/b><\/p>\n<p>Poskytnut\u00e9 osobn\u00e9 \u00fadaje bud\u00fa uchov\u00e1van\u00e9 po dobu nevyhnutn\u00fa na splnenie \u00fa\u010delu, na ktor\u00fd sa zhroma\u017e\u010fuj\u00fa, a na zistenie pr\u00edpadn\u00fdch z\u00e1v\u00e4zkov, ktor\u00e9 m\u00f4\u017eu z \u00fa\u010delu vypl\u00fdva\u0165, okrem leh\u00f4t ustanoven\u00fdch v predpisoch o spisoch a dokument\u00e1cii.<\/p>\n<p><b>D\u00e1tov\u00e1 komunik\u00e1cia<\/b><\/p>\n<p>Osobn\u00e9 \u00fadaje zhroma\u017eden\u00e9 prostredn\u00edctvom r\u00f4znych foriem kontaktu alebo prostredn\u00edctvom e-mailu, po\u0161ty alebo telef\u00f3nu nebud\u00fa prenesen\u00e9 ani ozn\u00e1men\u00e9 tret\u00edm stran\u00e1m, s v\u00fdnimkou pr\u00edpadov potrebn\u00fdch na rozvoj, kontrolu a s\u00falad vyjadren\u00fdch \u00fa\u010delov, v v z\u00e1konom stanoven\u00fdch pr\u00edpadoch, ako aj v konkr\u00e9tnych pr\u00edpadoch, o ktor\u00fdch je u\u017e\u00edvate\u013e v\u00fdslovne informovan\u00fd.<\/p>\n<\/div>\n<\/div><\/div><\/div><\/div><\/div>\n","protected":false},"excerpt":{"rendered":"","protected":false},"author":1,"featured_media":0,"parent":0,"menu_order":0,"comment_status":"closed","ping_status":"closed","template":"","meta":{"_mi_skip_tracking":false,"_monsterinsights_sitenote_active":false,"_monsterinsights_sitenote_note":"","_monsterinsights_sitenote_category":0,"footnotes":""},"class_list":["post-2134","page","type-page","status-publish","hentry"],"yoast_head":"<!-- This site is optimized with the Yoast SEO plugin v20.12 - https:\/\/yoast.com\/wordpress\/plugins\/seo\/ -->\n<title>Cookies &ndash; FPS AUDIO Zvolen<\/title>\n<meta name=\"robots\" content=\"index, follow, max-snippet:-1, max-image-preview:large, max-video-preview:-1\" \/>\n<link rel=\"canonical\" href=\"https:\/\/www.fpsaudio.sk\/?page_id=2134\" \/>\n<meta property=\"og:locale\" content=\"sk_SK\" \/>\n<meta property=\"og:type\" content=\"article\" \/>\n<meta property=\"og:title\" content=\"Cookies &ndash; FPS AUDIO Zvolen\" \/>\n<meta property=\"og:url\" content=\"https:\/\/www.fpsaudio.sk\/?page_id=2134\" \/>\n<meta property=\"og:site_name\" content=\"FPS AUDIO Zvolen\" \/>\n<meta property=\"article:modified_time\" content=\"2022-01-20T10:52:47+00:00\" \/>\n<meta name=\"twitter:card\" content=\"summary_large_image\" \/>\n<meta name=\"twitter:label1\" content=\"Predpokladan\u00fd \u010das \u010d\u00edtania\" \/>\n\t<meta name=\"twitter:data1\" content=\"10 min\u00fat\" \/>\n<script type=\"application\/ld+json\" class=\"yoast-schema-graph\">{\"@context\":\"https:\/\/schema.org\",\"@graph\":[{\"@type\":\"WebPage\",\"@id\":\"https:\/\/www.fpsaudio.sk\/?page_id=2134\",\"url\":\"https:\/\/www.fpsaudio.sk\/?page_id=2134\",\"name\":\"Cookies &ndash; FPS AUDIO Zvolen\",\"isPartOf\":{\"@id\":\"https:\/\/www.fpsaudio.sk\/#website\"},\"datePublished\":\"2022-01-20T10:36:05+00:00\",\"dateModified\":\"2022-01-20T10:52:47+00:00\",\"breadcrumb\":{\"@id\":\"https:\/\/www.fpsaudio.sk\/?page_id=2134#breadcrumb\"},\"inLanguage\":\"sk-SK\",\"potentialAction\":[{\"@type\":\"ReadAction\",\"target\":[\"https:\/\/www.fpsaudio.sk\/?page_id=2134\"]}]},{\"@type\":\"BreadcrumbList\",\"@id\":\"https:\/\/www.fpsaudio.sk\/?page_id=2134#breadcrumb\",\"itemListElement\":[{\"@type\":\"ListItem\",\"position\":1,\"name\":\"Domovsk\u00e1 str\u00e1nka\",\"item\":\"https:\/\/www.fpsaudio.sk\/\"},{\"@type\":\"ListItem\",\"position\":2,\"name\":\"Cookies\"}]},{\"@type\":\"WebSite\",\"@id\":\"https:\/\/www.fpsaudio.sk\/#website\",\"url\":\"https:\/\/www.fpsaudio.sk\/\",\"name\":\"FPS AUDIO Zvolen\",\"description\":\"High quality audio-components\",\"publisher\":{\"@id\":\"https:\/\/www.fpsaudio.sk\/#organization\"},\"potentialAction\":[{\"@type\":\"SearchAction\",\"target\":{\"@type\":\"EntryPoint\",\"urlTemplate\":\"https:\/\/www.fpsaudio.sk\/?s={search_term_string}\"},\"query-input\":\"required name=search_term_string\"}],\"inLanguage\":\"sk-SK\"},{\"@type\":\"Organization\",\"@id\":\"https:\/\/www.fpsaudio.sk\/#organization\",\"name\":\"FPS audio\",\"url\":\"https:\/\/www.fpsaudio.sk\/\",\"logo\":{\"@type\":\"ImageObject\",\"inLanguage\":\"sk-SK\",\"@id\":\"https:\/\/www.fpsaudio.sk\/#\/schema\/logo\/image\/\",\"url\":\"https:\/\/www.fpsaudio.sk\/wp-content\/uploads\/2021\/05\/fps_logo_retina.png\",\"contentUrl\":\"https:\/\/www.fpsaudio.sk\/wp-content\/uploads\/2021\/05\/fps_logo_retina.png\",\"width\":296,\"height\":200,\"caption\":\"FPS audio\"},\"image\":{\"@id\":\"https:\/\/www.fpsaudio.sk\/#\/schema\/logo\/image\/\"}}]}<\/script>\n<!-- \/ Yoast SEO plugin. -->","yoast_head_json":{"title":"Cookies &ndash; FPS AUDIO Zvolen","robots":{"index":"index","follow":"follow","max-snippet":"max-snippet:-1","max-image-preview":"max-image-preview:large","max-video-preview":"max-video-preview:-1"},"canonical":"https:\/\/www.fpsaudio.sk\/?page_id=2134","og_locale":"sk_SK","og_type":"article","og_title":"Cookies &ndash; FPS AUDIO Zvolen","og_url":"https:\/\/www.fpsaudio.sk\/?page_id=2134","og_site_name":"FPS AUDIO Zvolen","article_modified_time":"2022-01-20T10:52:47+00:00","twitter_card":"summary_large_image","twitter_misc":{"Predpokladan\u00fd \u010das \u010d\u00edtania":"10 min\u00fat"},"schema":{"@context":"https:\/\/schema.org","@graph":[{"@type":"WebPage","@id":"https:\/\/www.fpsaudio.sk\/?page_id=2134","url":"https:\/\/www.fpsaudio.sk\/?page_id=2134","name":"Cookies &ndash; FPS AUDIO Zvolen","isPartOf":{"@id":"https:\/\/www.fpsaudio.sk\/#website"},"datePublished":"2022-01-20T10:36:05+00:00","dateModified":"2022-01-20T10:52:47+00:00","breadcrumb":{"@id":"https:\/\/www.fpsaudio.sk\/?page_id=2134#breadcrumb"},"inLanguage":"sk-SK","potentialAction":[{"@type":"ReadAction","target":["https:\/\/www.fpsaudio.sk\/?page_id=2134"]}]},{"@type":"BreadcrumbList","@id":"https:\/\/www.fpsaudio.sk\/?page_id=2134#breadcrumb","itemListElement":[{"@type":"ListItem","position":1,"name":"Domovsk\u00e1 str\u00e1nka","item":"https:\/\/www.fpsaudio.sk\/"},{"@type":"ListItem","position":2,"name":"Cookies"}]},{"@type":"WebSite","@id":"https:\/\/www.fpsaudio.sk\/#website","url":"https:\/\/www.fpsaudio.sk\/","name":"FPS AUDIO Zvolen","description":"High quality audio-components","publisher":{"@id":"https:\/\/www.fpsaudio.sk\/#organization"},"potentialAction":[{"@type":"SearchAction","target":{"@type":"EntryPoint","urlTemplate":"https:\/\/www.fpsaudio.sk\/?s={search_term_string}"},"query-input":"required name=search_term_string"}],"inLanguage":"sk-SK"},{"@type":"Organization","@id":"https:\/\/www.fpsaudio.sk\/#organization","name":"FPS audio","url":"https:\/\/www.fpsaudio.sk\/","logo":{"@type":"ImageObject","inLanguage":"sk-SK","@id":"https:\/\/www.fpsaudio.sk\/#\/schema\/logo\/image\/","url":"https:\/\/www.fpsaudio.sk\/wp-content\/uploads\/2021\/05\/fps_logo_retina.png","contentUrl":"https:\/\/www.fpsaudio.sk\/wp-content\/uploads\/2021\/05\/fps_logo_retina.png","width":296,"height":200,"caption":"FPS audio"},"image":{"@id":"https:\/\/www.fpsaudio.sk\/#\/schema\/logo\/image\/"}}]}},"_links":{"self":[{"href":"https:\/\/www.fpsaudio.sk\/index.php?rest_route=\/wp\/v2\/pages\/2134","targetHints":{"allow":["GET"]}}],"collection":[{"href":"https:\/\/www.fpsaudio.sk\/index.php?rest_route=\/wp\/v2\/pages"}],"about":[{"href":"https:\/\/www.fpsaudio.sk\/index.php?rest_route=\/wp\/v2\/types\/page"}],"author":[{"embeddable":true,"href":"https:\/\/www.fpsaudio.sk\/index.php?rest_route=\/wp\/v2\/users\/1"}],"replies":[{"embeddable":true,"href":"https:\/\/www.fpsaudio.sk\/index.php?rest_route=%2Fwp%2Fv2%2Fcomments&post=2134"}],"version-history":[{"count":2,"href":"https:\/\/www.fpsaudio.sk\/index.php?rest_route=\/wp\/v2\/pages\/2134\/revisions"}],"predecessor-version":[{"id":2136,"href":"https:\/\/www.fpsaudio.sk\/index.php?rest_route=\/wp\/v2\/pages\/2134\/revisions\/2136"}],"wp:attachment":[{"href":"https:\/\/www.fpsaudio.sk\/index.php?rest_route=%2Fwp%2Fv2%2Fmedia&parent=2134"}],"curies":[{"name":"wp","href":"https:\/\/api.w.org\/{rel}","templated":true}]}}