{"id":674,"date":"2021-05-11T12:45:24","date_gmt":"2021-05-11T10:45:24","guid":{"rendered":"https:\/\/www.fpsaudio.sk\/?page_id=674"},"modified":"2021-05-11T12:47:53","modified_gmt":"2021-05-11T10:47:53","slug":"msilence-twaron-unicorns-tail","status":"publish","type":"page","link":"https:\/\/www.fpsaudio.sk\/?page_id=674","title":{"rendered":"MSILENCE TWARON\u00ae UNICORN&#8217;S TAIL"},"content":{"rendered":"<p><div class=\"fusion-fullwidth fullwidth-box fusion-builder-row-1 fusion-flex-container nonhundred-percent-fullwidth non-hundred-percent-height-scrolling fusion-sticky-container\" style=\"--awb-border-radius-top-left:0px;--awb-border-radius-top-right:0px;--awb-border-radius-bottom-right:0px;--awb-border-radius-bottom-left:0px;--awb-margin-top:-80px;--awb-sticky-background-color:#ffffff !important;--awb-flex-wrap:wrap;\" data-transition-offset=\"0\" data-scroll-offset=\"30\" data-sticky-small-visibility=\"1\" data-sticky-medium-visibility=\"1\" data-sticky-large-visibility=\"1\" ><div class=\"fusion-builder-row fusion-row fusion-flex-align-items-flex-start fusion-flex-content-wrap\" style=\"max-width:1248px;margin-left: calc(-4% \/ 2 );margin-right: calc(-4% \/ 2 );\"><div class=\"fusion-layout-column fusion_builder_column fusion-builder-column-0 fusion_builder_column_1_1 1_1 fusion-flex-column\" style=\"--awb-bg-size:cover;--awb-width-large:100%;--awb-margin-top-large:0px;--awb-spacing-right-large:1.92%;--awb-margin-bottom-large:20px;--awb-spacing-left-large:1.92%;--awb-width-medium:100%;--awb-order-medium:0;--awb-spacing-right-medium:1.92%;--awb-spacing-left-medium:1.92%;--awb-width-small:100%;--awb-order-small:0;--awb-spacing-right-small:1.92%;--awb-spacing-left-small:1.92%;\"><div class=\"fusion-column-wrapper fusion-column-has-shadow fusion-flex-justify-content-flex-start fusion-content-layout-column\"><div class=\"fusion-title title fusion-title-1 fusion-sep-none fusion-title-text fusion-title-size-one\"><h1 class=\"fusion-title-heading title-heading-left\" style=\"margin:0;\"><h4>MSILENCE TWARON\u00ae UNICORN&#8217;S TAIL<\/h4><\/h1><\/div><div class=\"fusion-text fusion-text-1\"><p>TWARON\u00ae Unicorn Hair is a speaker cabinet filler for acoustic damping purpose which is produced by Th\u00fcringisches Institut f\u00fcr Textil- und Kunststoff-Forschung (TITK), Germany, exclusively for MUNDORF company, Germany.<\/p>\n<p>Unicorn Hair is predominantly made from TWARON\u00ae fibres in form of user-friendly fibres strings of extreme thinness. Its long fibres support especially well the absorbtion and damping of the lower audio frequency range (&lt;1 kHz) in subwoofers and long transmission line tube-cabinets. Due to the resulting audible differences, today TWARON\u00ae Unicorn Hair is an essential &#8222;must&#8220; for many well-known developers and manufacturers of high-end speakers.<\/p>\n<p>For loudspeaker application the extremely thin TWARON\u00ae fibres are combed and processed into an extremely dense so-called Horsetail Hair we named TWARON\u00ae Unicorn Hair. In contrast to other plastic fibres, TWARON\u00ae conducts heat generated vibrations away very well, which means that it absorbs motion energy in an entirely different manner than conventional materials used for damping purpose. Owing to the endless fibres strings used in TWARON\u00ae Unicorn Hair, the effective functional frequency-range is lower in comparison with the TWARON\u00ae Angel Hair. It constitutes a significantly better alternative to the damping materials which are otherwise used in transmission line systems. In short, TWARON\u00ae Unicorn Hair results in a very direct and tight bass reproduction in (sub-) bass cabinets, and in transmission-line tubes. The low-frequency resonances are attenuated so efficiently that an extremely deep and clean bass reproduction &#8222;like by itself&#8220; is achieved.<\/p>\n<\/div><div class=\"fusion-separator fusion-full-width-sep\" style=\"align-self: center;margin-left: auto;margin-right: auto;margin-bottom:30px;width:100%;\"><\/div><\/div><\/div><\/div><\/div><div class=\"fusion-fullwidth fullwidth-box fusion-builder-row-2 fusion-flex-container nonhundred-percent-fullwidth non-hundred-percent-height-scrolling fusion-custom-z-index\" style=\"--awb-border-radius-top-left:0px;--awb-border-radius-top-right:0px;--awb-border-radius-bottom-right:0px;--awb-border-radius-bottom-left:0px;--awb-z-index:1000;--awb-flex-wrap:wrap;\" ><div class=\"fusion-builder-row fusion-row fusion-flex-align-items-flex-start fusion-flex-content-wrap\" style=\"max-width:1248px;margin-left: calc(-4% \/ 2 );margin-right: calc(-4% \/ 2 );\"><div class=\"fusion-layout-column fusion_builder_column fusion-builder-column-1 fusion_builder_column_1_1 1_1 fusion-flex-column\" style=\"--awb-bg-size:cover;--awb-width-large:100%;--awb-margin-top-large:0px;--awb-spacing-right-large:1.92%;--awb-margin-bottom-large:20px;--awb-spacing-left-large:1.92%;--awb-width-medium:100%;--awb-order-medium:0;--awb-spacing-right-medium:1.92%;--awb-spacing-left-medium:1.92%;--awb-width-small:100%;--awb-order-small:0;--awb-spacing-right-small:1.92%;--awb-spacing-left-small:1.92%;\"><div class=\"fusion-column-wrapper fusion-column-has-shadow fusion-flex-justify-content-flex-start fusion-content-layout-column\"><div class=\"fusion-text fusion-text-2\"><\/div><div class=\"woocommerce columns-4 \"><ul class=\"products clearfix products-4\">\n<li class=\"product type-product post-2062 status-publish first instock product_cat-msilence-twaron-unicorns-tail product_cat-nezaradene has-post-thumbnail taxable shipping-taxable purchasable product-type-simple product-grid-view\">\n\t<div class=\"fusion-product-wrapper\">\n<a href=\"https:\/\/www.fpsaudio.sk\/?product=msilencetwaronunicornstail\" class=\"product-images\" aria-label=\"MSILENCETWARONUNICORN&#8217;STAIL\">\n\n<div class=\"featured-image crossfade-images\">\n\t<img decoding=\"async\" width=\"200\" height=\"200\" src=\"https:\/\/www.fpsaudio.sk\/wp-content\/uploads\/2021\/05\/MSilence_unicorns_tail-200x200.png\" class=\"hover-image\" alt=\"MSILENCETWARONUNICORN&#039;STAIL\" srcset=\"https:\/\/www.fpsaudio.sk\/wp-content\/uploads\/2021\/05\/MSilence_unicorns_tail-66x66.png 66w, https:\/\/www.fpsaudio.sk\/wp-content\/uploads\/2021\/05\/MSilence_unicorns_tail-150x150.png 150w, https:\/\/www.fpsaudio.sk\/wp-content\/uploads\/2021\/05\/MSilence_unicorns_tail-200x200.png 200w\" sizes=\"(max-width: 200px) 100vw, 200px\" \/>\t<img decoding=\"async\" width=\"200\" height=\"200\" src=\"https:\/\/www.fpsaudio.sk\/wp-content\/uploads\/2021\/05\/361_unicorn-200x200.jpg\" class=\"attachment-woocommerce_thumbnail size-woocommerce_thumbnail wp-post-image\" alt=\"MSILENCETWARONUNICORN&#039;STAIL\" srcset=\"https:\/\/www.fpsaudio.sk\/wp-content\/uploads\/2021\/05\/361_unicorn-66x66.jpg 66w, https:\/\/www.fpsaudio.sk\/wp-content\/uploads\/2021\/05\/361_unicorn-150x150.jpg 150w, https:\/\/www.fpsaudio.sk\/wp-content\/uploads\/2021\/05\/361_unicorn-200x200.jpg 200w, https:\/\/www.fpsaudio.sk\/wp-content\/uploads\/2021\/05\/361_unicorn-300x300.jpg 300w, https:\/\/www.fpsaudio.sk\/wp-content\/uploads\/2021\/05\/361_unicorn-400x400.jpg 400w, https:\/\/www.fpsaudio.sk\/wp-content\/uploads\/2021\/05\/361_unicorn-600x600.jpg 600w, https:\/\/www.fpsaudio.sk\/wp-content\/uploads\/2021\/05\/361_unicorn-768x768.jpg 768w, https:\/\/www.fpsaudio.sk\/wp-content\/uploads\/2021\/05\/361_unicorn-800x800.jpg 800w, https:\/\/www.fpsaudio.sk\/wp-content\/uploads\/2021\/05\/361_unicorn-1024x1024.jpg 1024w, https:\/\/www.fpsaudio.sk\/wp-content\/uploads\/2021\/05\/361_unicorn.jpg 1200w\" sizes=\"(max-width: 200px) 100vw, 200px\" \/>\n\t\t\t\t\t\t<div class=\"cart-loading\"><i class=\"awb-icon-spinner\" aria-hidden=\"true\"><\/i><\/div>\n\t\t\t<\/div>\n<\/a>\n<div class=\"fusion-product-content\">\n\t<div class=\"product-details\">\n\t\t<div class=\"product-details-container\">\n<h3 class=\"product-title\">\n\t<a href=\"https:\/\/www.fpsaudio.sk\/?product=msilencetwaronunicornstail\">\n\t\tMSILENCETWARONUNICORN&#8217;STAIL\t<\/a>\n<\/h3>\n<div class=\"fusion-price-rating\">\n\n\t<span class=\"price\"><span class=\"woocs_price_code\" data-currency=\"\" data-redraw-id=\"69ef1b3794898\"  data-product-id=\"2062\"><span class=\"woocommerce-Price-amount amount\"><bdi><span class=\"woocommerce-Price-currencySymbol\">&euro;<\/span>&nbsp;59,90<\/bdi><\/span><\/span><\/span>\n\t\t<\/div>\n\t<\/div>\n<\/div>\n\n\n\t<div class=\"product-buttons\">\n\t\t<div class=\"fusion-content-sep sep-double sep-solid\"><\/div>\n\t\t<div class=\"product-buttons-container clearfix\">\n<a href=\"?add-to-cart=2062\" data-quantity=\"1\" class=\"button product_type_simple add_to_cart_button ajax_add_to_cart\" data-product_id=\"2062\" data-product_sku=\"UNICORN-200G\" aria-label=\"Add &ldquo;MSILENCETWARONUNICORN&#039;STAIL&rdquo; to your cart\" rel=\"nofollow\">Add to cart<\/a>\n<a href=\"https:\/\/www.fpsaudio.sk\/?product=msilencetwaronunicornstail\" class=\"show_details_button\">\n\tDetaily<\/a>\n\n\n\t<\/div>\n\t<\/div>\n\n\t<\/div> <\/div>\n<\/li>\n<\/ul>\n<\/div><\/div><\/div><\/div><\/div><\/p>\n","protected":false},"excerpt":{"rendered":"","protected":false},"author":1,"featured_media":0,"parent":672,"menu_order":0,"comment_status":"closed","ping_status":"closed","template":"","meta":{"_mi_skip_tracking":false,"_monsterinsights_sitenote_active":false,"_monsterinsights_sitenote_note":"","_monsterinsights_sitenote_category":0,"footnotes":""},"class_list":["post-674","page","type-page","status-publish","hentry"],"yoast_head":"<!-- This site is optimized with the Yoast SEO plugin v20.12 - https:\/\/yoast.com\/wordpress\/plugins\/seo\/ -->\n<title>MSILENCE TWARON\u00ae UNICORN&#039;S TAIL &ndash; FPS AUDIO Zvolen<\/title>\n<meta name=\"robots\" content=\"index, follow, max-snippet:-1, max-image-preview:large, max-video-preview:-1\" \/>\n<link rel=\"canonical\" href=\"https:\/\/www.fpsaudio.sk\/?page_id=674\" \/>\n<meta property=\"og:locale\" content=\"sk_SK\" \/>\n<meta property=\"og:type\" content=\"article\" \/>\n<meta property=\"og:title\" content=\"MSILENCE TWARON\u00ae UNICORN&#039;S TAIL &ndash; FPS AUDIO Zvolen\" \/>\n<meta property=\"og:url\" content=\"https:\/\/www.fpsaudio.sk\/?page_id=674\" \/>\n<meta property=\"og:site_name\" content=\"FPS AUDIO Zvolen\" \/>\n<meta property=\"article:modified_time\" content=\"2021-05-11T10:47:53+00:00\" \/>\n<meta name=\"twitter:card\" content=\"summary_large_image\" \/>\n<meta name=\"twitter:label1\" content=\"Predpokladan\u00fd \u010das \u010d\u00edtania\" \/>\n\t<meta name=\"twitter:data1\" content=\"8 min\u00fat\" \/>\n<script type=\"application\/ld+json\" class=\"yoast-schema-graph\">{\"@context\":\"https:\/\/schema.org\",\"@graph\":[{\"@type\":\"WebPage\",\"@id\":\"https:\/\/www.fpsaudio.sk\/?page_id=674\",\"url\":\"https:\/\/www.fpsaudio.sk\/?page_id=674\",\"name\":\"MSILENCE TWARON\u00ae UNICORN'S TAIL &ndash; FPS AUDIO Zvolen\",\"isPartOf\":{\"@id\":\"https:\/\/www.fpsaudio.sk\/#website\"},\"datePublished\":\"2021-05-11T10:45:24+00:00\",\"dateModified\":\"2021-05-11T10:47:53+00:00\",\"breadcrumb\":{\"@id\":\"https:\/\/www.fpsaudio.sk\/?page_id=674#breadcrumb\"},\"inLanguage\":\"sk-SK\",\"potentialAction\":[{\"@type\":\"ReadAction\",\"target\":[\"https:\/\/www.fpsaudio.sk\/?page_id=674\"]}]},{\"@type\":\"BreadcrumbList\",\"@id\":\"https:\/\/www.fpsaudio.sk\/?page_id=674#breadcrumb\",\"itemListElement\":[{\"@type\":\"ListItem\",\"position\":1,\"name\":\"Domovsk\u00e1 str\u00e1nka\",\"item\":\"https:\/\/www.fpsaudio.sk\/\"},{\"@type\":\"ListItem\",\"position\":2,\"name\":\"DAMPING\",\"item\":\"https:\/\/www.fpsaudio.sk\/?page_id=672\"},{\"@type\":\"ListItem\",\"position\":3,\"name\":\"MSILENCE TWARON\u00ae UNICORN&#8217;S TAIL\"}]},{\"@type\":\"WebSite\",\"@id\":\"https:\/\/www.fpsaudio.sk\/#website\",\"url\":\"https:\/\/www.fpsaudio.sk\/\",\"name\":\"FPS AUDIO Zvolen\",\"description\":\"High quality audio-components\",\"publisher\":{\"@id\":\"https:\/\/www.fpsaudio.sk\/#organization\"},\"potentialAction\":[{\"@type\":\"SearchAction\",\"target\":{\"@type\":\"EntryPoint\",\"urlTemplate\":\"https:\/\/www.fpsaudio.sk\/?s={search_term_string}\"},\"query-input\":\"required name=search_term_string\"}],\"inLanguage\":\"sk-SK\"},{\"@type\":\"Organization\",\"@id\":\"https:\/\/www.fpsaudio.sk\/#organization\",\"name\":\"FPS audio\",\"url\":\"https:\/\/www.fpsaudio.sk\/\",\"logo\":{\"@type\":\"ImageObject\",\"inLanguage\":\"sk-SK\",\"@id\":\"https:\/\/www.fpsaudio.sk\/#\/schema\/logo\/image\/\",\"url\":\"https:\/\/www.fpsaudio.sk\/wp-content\/uploads\/2021\/05\/fps_logo_retina.png\",\"contentUrl\":\"https:\/\/www.fpsaudio.sk\/wp-content\/uploads\/2021\/05\/fps_logo_retina.png\",\"width\":296,\"height\":200,\"caption\":\"FPS audio\"},\"image\":{\"@id\":\"https:\/\/www.fpsaudio.sk\/#\/schema\/logo\/image\/\"}}]}<\/script>\n<!-- \/ Yoast SEO plugin. -->","yoast_head_json":{"title":"MSILENCE TWARON\u00ae UNICORN'S TAIL &ndash; FPS AUDIO Zvolen","robots":{"index":"index","follow":"follow","max-snippet":"max-snippet:-1","max-image-preview":"max-image-preview:large","max-video-preview":"max-video-preview:-1"},"canonical":"https:\/\/www.fpsaudio.sk\/?page_id=674","og_locale":"sk_SK","og_type":"article","og_title":"MSILENCE TWARON\u00ae UNICORN'S TAIL &ndash; FPS AUDIO Zvolen","og_url":"https:\/\/www.fpsaudio.sk\/?page_id=674","og_site_name":"FPS AUDIO Zvolen","article_modified_time":"2021-05-11T10:47:53+00:00","twitter_card":"summary_large_image","twitter_misc":{"Predpokladan\u00fd \u010das \u010d\u00edtania":"8 min\u00fat"},"schema":{"@context":"https:\/\/schema.org","@graph":[{"@type":"WebPage","@id":"https:\/\/www.fpsaudio.sk\/?page_id=674","url":"https:\/\/www.fpsaudio.sk\/?page_id=674","name":"MSILENCE TWARON\u00ae UNICORN'S TAIL &ndash; FPS AUDIO Zvolen","isPartOf":{"@id":"https:\/\/www.fpsaudio.sk\/#website"},"datePublished":"2021-05-11T10:45:24+00:00","dateModified":"2021-05-11T10:47:53+00:00","breadcrumb":{"@id":"https:\/\/www.fpsaudio.sk\/?page_id=674#breadcrumb"},"inLanguage":"sk-SK","potentialAction":[{"@type":"ReadAction","target":["https:\/\/www.fpsaudio.sk\/?page_id=674"]}]},{"@type":"BreadcrumbList","@id":"https:\/\/www.fpsaudio.sk\/?page_id=674#breadcrumb","itemListElement":[{"@type":"ListItem","position":1,"name":"Domovsk\u00e1 str\u00e1nka","item":"https:\/\/www.fpsaudio.sk\/"},{"@type":"ListItem","position":2,"name":"DAMPING","item":"https:\/\/www.fpsaudio.sk\/?page_id=672"},{"@type":"ListItem","position":3,"name":"MSILENCE TWARON\u00ae UNICORN&#8217;S TAIL"}]},{"@type":"WebSite","@id":"https:\/\/www.fpsaudio.sk\/#website","url":"https:\/\/www.fpsaudio.sk\/","name":"FPS AUDIO Zvolen","description":"High quality audio-components","publisher":{"@id":"https:\/\/www.fpsaudio.sk\/#organization"},"potentialAction":[{"@type":"SearchAction","target":{"@type":"EntryPoint","urlTemplate":"https:\/\/www.fpsaudio.sk\/?s={search_term_string}"},"query-input":"required name=search_term_string"}],"inLanguage":"sk-SK"},{"@type":"Organization","@id":"https:\/\/www.fpsaudio.sk\/#organization","name":"FPS audio","url":"https:\/\/www.fpsaudio.sk\/","logo":{"@type":"ImageObject","inLanguage":"sk-SK","@id":"https:\/\/www.fpsaudio.sk\/#\/schema\/logo\/image\/","url":"https:\/\/www.fpsaudio.sk\/wp-content\/uploads\/2021\/05\/fps_logo_retina.png","contentUrl":"https:\/\/www.fpsaudio.sk\/wp-content\/uploads\/2021\/05\/fps_logo_retina.png","width":296,"height":200,"caption":"FPS audio"},"image":{"@id":"https:\/\/www.fpsaudio.sk\/#\/schema\/logo\/image\/"}}]}},"_links":{"self":[{"href":"https:\/\/www.fpsaudio.sk\/index.php?rest_route=\/wp\/v2\/pages\/674","targetHints":{"allow":["GET"]}}],"collection":[{"href":"https:\/\/www.fpsaudio.sk\/index.php?rest_route=\/wp\/v2\/pages"}],"about":[{"href":"https:\/\/www.fpsaudio.sk\/index.php?rest_route=\/wp\/v2\/types\/page"}],"author":[{"embeddable":true,"href":"https:\/\/www.fpsaudio.sk\/index.php?rest_route=\/wp\/v2\/users\/1"}],"replies":[{"embeddable":true,"href":"https:\/\/www.fpsaudio.sk\/index.php?rest_route=%2Fwp%2Fv2%2Fcomments&post=674"}],"version-history":[{"count":1,"href":"https:\/\/www.fpsaudio.sk\/index.php?rest_route=\/wp\/v2\/pages\/674\/revisions"}],"predecessor-version":[{"id":675,"href":"https:\/\/www.fpsaudio.sk\/index.php?rest_route=\/wp\/v2\/pages\/674\/revisions\/675"}],"up":[{"embeddable":true,"href":"https:\/\/www.fpsaudio.sk\/index.php?rest_route=\/wp\/v2\/pages\/672"}],"wp:attachment":[{"href":"https:\/\/www.fpsaudio.sk\/index.php?rest_route=%2Fwp%2Fv2%2Fmedia&parent=674"}],"curies":[{"name":"wp","href":"https:\/\/api.w.org\/{rel}","templated":true}]}}